{"id":636,"date":"2018-09-11T08:26:08","date_gmt":"2018-09-11T08:26:08","guid":{"rendered":"http:\/\/konte.uix.store\/elementor\/?page_id=636"},"modified":"2018-09-11T08:26:08","modified_gmt":"2018-09-11T08:26:08","slug":"testimonials","status":"publish","type":"page","link":"https:\/\/meriah.digitika.com\/?page_id=636","title":{"rendered":"Testimonials"},"content":{"rendered":"\t\t<div data-elementor-type=\"wp-page\" data-elementor-id=\"636\" class=\"elementor elementor-636\">\n\t\t\t\t\t\t<section class=\"elementor-section elementor-top-section elementor-element elementor-element-01d4e39 elementor-section-boxed elementor-section-height-default elementor-section-height-default\" data-id=\"01d4e39\" data-element_type=\"section\" data-e-type=\"section\">\n\t\t\t\t\t\t<div class=\"elementor-container elementor-column-gap-default\">\n\t\t\t\t\t<div class=\"elementor-column elementor-col-100 elementor-top-column elementor-element elementor-element-46481d8\" data-id=\"46481d8\" data-element_type=\"column\" data-e-type=\"column\">\n\t\t\t<div class=\"elementor-widget-wrap elementor-element-populated\">\n\t\t\t\t\t\t<div class=\"elementor-element elementor-element-82da618 elementor-widget elementor-widget-konte-testimonial\" data-id=\"82da618\" data-element_type=\"widget\" data-e-type=\"widget\" data-widget_type=\"konte-testimonial.default\">\n\t\t\t\t<div class=\"elementor-widget-container\">\n\t\t\t\t\t\t\t<div class=\"konte-testimonial konte-testimonial--elementor\">\n\t\t\t<div class=\"konte-testimonial__photo\">\n\t\t\t\t<img decoding=\"async\" src=\"https:\/\/konte.uix.store\/elementor\/wp-content\/uploads\/sites\/9\/2018\/08\/team-6.jpg\" title=\"\" alt=\"\" loading=\"lazy\" \/>\t\t\t<\/div>\n\t\t\t<div class=\"konte-testimonial__entry\">\n\t\t\t\t<div class=\"konte-testimonial__content\">\n\t\t\t\t\tDuis aute irure dolor in reprehenderit in voluptate velit esse cillum dolore eu fugiat nulla pariatur. Excepteur sint occaecat cupidatat non proident, sunt in culpa qui officia deserunt mollit anim id est laborum.\t\t\t\t<\/div>\n\t\t\t\t<div class=\"konte-testimonial__author\">\n\t\t\t\t\t<span class=\"konte-testimonial__name\">Clara Evelyn<\/span>\n\t\t\t\t\t<span class=\"konte-testimonial__author-separator\">-<\/span>\n\t\t\t\t\t<span class=\"konte-testimonial__company\">CUSTOMER<\/span>\n\t\t\t\t<\/div>\n\t\t\t<\/div>\n\t\t<\/div>\n\t\t\t\t\t\t<\/div>\n\t\t\t\t<\/div>\n\t\t\t\t\t<\/div>\n\t\t<\/div>\n\t\t\t\t\t<\/div>\n\t\t<\/section>\n\t\t\t\t<section class=\"elementor-section elementor-top-section elementor-element elementor-element-973cf82 elementor-section-boxed elementor-section-height-default elementor-section-height-default\" data-id=\"973cf82\" data-element_type=\"section\" data-e-type=\"section\">\n\t\t\t\t\t\t<div class=\"elementor-container elementor-column-gap-default\">\n\t\t\t\t\t<div class=\"elementor-column elementor-col-100 elementor-top-column elementor-element elementor-element-19d0cb4\" data-id=\"19d0cb4\" data-element_type=\"column\" data-e-type=\"column\">\n\t\t\t<div class=\"elementor-widget-wrap elementor-element-populated\">\n\t\t\t\t\t\t<div class=\"elementor-element elementor-element-5c84b9a elementor-widget elementor-widget-konte-testimonial-carousel\" data-id=\"5c84b9a\" data-element_type=\"widget\" data-e-type=\"widget\" data-settings=\"{&quot;image_spacing_custom&quot;:{&quot;unit&quot;:&quot;px&quot;,&quot;size&quot;:40,&quot;sizes&quot;:[]},&quot;slides_to_show&quot;:2,&quot;slides_to_scroll&quot;:1,&quot;navigation&quot;:&quot;dots&quot;,&quot;infinite&quot;:&quot;yes&quot;,&quot;autoplay&quot;:&quot;yes&quot;,&quot;autoplay_speed&quot;:3000,&quot;pause_on_hover&quot;:&quot;yes&quot;,&quot;speed&quot;:800}\" data-widget_type=\"konte-testimonial-carousel.default\">\n\t\t\t\t<div class=\"elementor-widget-container\">\n\t\t\t\t\t\t\t<div class=\"konte-testimonial-carousel konte-testimonial-carousel--elementor konte-carousel konte-carousel--elementor konte-carousel--swiper konte-carousel--nav-dots swiper-container\">\n\t\t\t<div class=\"konte-testimonial-carousel__list swiper-wrapper\">\n\t\t\t\t\t\t\t\t\t\t\t\t\t\t<div class=\"konte-testimonial swiper-slide\">\n\t\t\t\t\t\t<div class=\"konte-testimonial__photo\">\n\t\t\t\t\t\t\t<img decoding=\"async\" src=\"https:\/\/konte.uix.store\/elementor\/wp-content\/uploads\/sites\/9\/2018\/08\/team-5.jpg\" title=\"\" alt=\"\" loading=\"lazy\" \/>\t\t\t\t\t\t<\/div>\n\t\t\t\t\t\t<div class=\"konte-testimonial__entry\">\n\t\t\t\t\t\t\t<div class=\"konte-testimonial__content\">Duis aute irure dolor in reprehenderit in voluptate velit esse cillum dolore eu fugiat<\/div>\n\t\t\t\t\t\t\t<div class=\"konte-testimonial__author\">\n\t\t\t\t\t\t\t\t<span class=\"konte-testimonial__name\">Bruno Clark<\/span>\n\t\t\t\t\t\t\t\t<span class=\"konte-testimonial__author-separator\">-<\/span>\n\t\t\t\t\t\t\t\t<span class=\"konte-testimonial__company\">Customer<\/span>\n\t\t\t\t\t\t\t<\/div>\n\t\t\t\t\t\t<\/div>\n\t\t\t\t\t<\/div>\n\t\t\t\t\t\t\t\t\t\t\t\t\t\t<div class=\"konte-testimonial swiper-slide\">\n\t\t\t\t\t\t<div class=\"konte-testimonial__photo\">\n\t\t\t\t\t\t\t<img decoding=\"async\" src=\"https:\/\/konte.uix.store\/elementor\/wp-content\/uploads\/sites\/9\/2018\/08\/T1.jpg\" title=\"\" alt=\"\" loading=\"lazy\" \/>\t\t\t\t\t\t<\/div>\n\t\t\t\t\t\t<div class=\"konte-testimonial__entry\">\n\t\t\t\t\t\t\t<div class=\"konte-testimonial__content\">Duis aute irure dolor in reprehenderit in voluptate velit esse cillum dolore eu fugiat<\/div>\n\t\t\t\t\t\t\t<div class=\"konte-testimonial__author\">\n\t\t\t\t\t\t\t\t<span class=\"konte-testimonial__name\">Jessica Perinn<\/span>\n\t\t\t\t\t\t\t\t<span class=\"konte-testimonial__author-separator\">-<\/span>\n\t\t\t\t\t\t\t\t<span class=\"konte-testimonial__company\">Customer<\/span>\n\t\t\t\t\t\t\t<\/div>\n\t\t\t\t\t\t<\/div>\n\t\t\t\t\t<\/div>\n\t\t\t\t\t\t\t\t\t\t\t\t\t\t<div class=\"konte-testimonial swiper-slide\">\n\t\t\t\t\t\t<div class=\"konte-testimonial__photo\">\n\t\t\t\t\t\t\t<img decoding=\"async\" src=\"https:\/\/konte.uix.store\/elementor\/wp-content\/uploads\/sites\/9\/2018\/08\/team-4.jpg\" title=\"\" alt=\"\" loading=\"lazy\" \/>\t\t\t\t\t\t<\/div>\n\t\t\t\t\t\t<div class=\"konte-testimonial__entry\">\n\t\t\t\t\t\t\t<div class=\"konte-testimonial__content\">Duis aute irure dolor in reprehenderit in voluptate velit esse cillum dolore eu fugiat<\/div>\n\t\t\t\t\t\t\t<div class=\"konte-testimonial__author\">\n\t\t\t\t\t\t\t\t<span class=\"konte-testimonial__name\">Freddy Jovani<\/span>\n\t\t\t\t\t\t\t\t<span class=\"konte-testimonial__author-separator\">-<\/span>\n\t\t\t\t\t\t\t\t<span class=\"konte-testimonial__company\">Customer<\/span>\n\t\t\t\t\t\t\t<\/div>\n\t\t\t\t\t\t<\/div>\n\t\t\t\t\t<\/div>\n\t\t\t\t\t\t\t<\/div>\n\t\t\t<div class=\"konte-carousel__pagination swiper-pagination\"><\/div>\t\t<\/div>\n\t\t\t\t\t\t<\/div>\n\t\t\t\t<\/div>\n\t\t\t\t\t<\/div>\n\t\t<\/div>\n\t\t\t\t\t<\/div>\n\t\t<\/section>\n\t\t\t\t<\/div>\n\t\t","protected":false},"excerpt":{"rendered":"<p>Duis aute irure dolor in reprehenderit in voluptate velit esse cillum dolore eu fugiat nulla pariatur. Excepteur sint occaecat cupidatat non proident, sunt in culpa qui officia deserunt mollit anim&hellip;<\/p>\n","protected":false},"author":1,"featured_media":0,"parent":576,"menu_order":0,"comment_status":"closed","ping_status":"closed","template":"","meta":{"footnotes":""},"class_list":["post-636","page","type-page","status-publish","hentry"],"yoast_head":"<!-- This site is optimized with the Yoast SEO plugin v27.3 - https:\/\/yoast.com\/product\/yoast-seo-wordpress\/ -->\n<title>Testimonials - Fromagerie Meriah<\/title>\n<meta name=\"robots\" content=\"index, follow, max-snippet:-1, max-image-preview:large, max-video-preview:-1\" \/>\n<link rel=\"canonical\" href=\"https:\/\/meriah.digitika.com\/?page_id=636\" \/>\n<meta property=\"og:locale\" content=\"en_US\" \/>\n<meta property=\"og:type\" content=\"article\" \/>\n<meta property=\"og:title\" content=\"Testimonials - Fromagerie Meriah\" \/>\n<meta property=\"og:description\" content=\"Duis aute irure dolor in reprehenderit in voluptate velit esse cillum dolore eu fugiat nulla pariatur. Excepteur sint occaecat cupidatat non proident, sunt in culpa qui officia deserunt mollit anim&hellip;\" \/>\n<meta property=\"og:url\" content=\"https:\/\/meriah.digitika.com\/?page_id=636\" \/>\n<meta property=\"og:site_name\" content=\"Fromagerie Meriah\" \/>\n<meta property=\"og:image\" content=\"https:\/\/konte.uix.store\/elementor\/wp-content\/uploads\/sites\/9\/elementor\/thumbs\/team-6-p5ott9axxel9tejkl6fhp654maancc0rmjinpo6nrk.jpg\" \/>\n<meta name=\"twitter:card\" content=\"summary_large_image\" \/>\n<script type=\"application\/ld+json\" class=\"yoast-schema-graph\">{\"@context\":\"https:\\\/\\\/schema.org\",\"@graph\":[{\"@type\":\"WebPage\",\"@id\":\"https:\\\/\\\/meriah.digitika.com\\\/?page_id=636\",\"url\":\"https:\\\/\\\/meriah.digitika.com\\\/?page_id=636\",\"name\":\"Testimonials - Fromagerie Meriah\",\"isPartOf\":{\"@id\":\"https:\\\/\\\/meriah.digitika.com\\\/#website\"},\"primaryImageOfPage\":{\"@id\":\"https:\\\/\\\/meriah.digitika.com\\\/?page_id=636#primaryimage\"},\"image\":{\"@id\":\"https:\\\/\\\/meriah.digitika.com\\\/?page_id=636#primaryimage\"},\"thumbnailUrl\":\"https:\\\/\\\/konte.uix.store\\\/elementor\\\/wp-content\\\/uploads\\\/sites\\\/9\\\/elementor\\\/thumbs\\\/team-6-p5ott9axxel9tejkl6fhp654maancc0rmjinpo6nrk.jpg\",\"datePublished\":\"2018-09-11T08:26:08+00:00\",\"breadcrumb\":{\"@id\":\"https:\\\/\\\/meriah.digitika.com\\\/?page_id=636#breadcrumb\"},\"inLanguage\":\"en-US\",\"potentialAction\":[{\"@type\":\"ReadAction\",\"target\":[\"https:\\\/\\\/meriah.digitika.com\\\/?page_id=636\"]}]},{\"@type\":\"ImageObject\",\"inLanguage\":\"en-US\",\"@id\":\"https:\\\/\\\/meriah.digitika.com\\\/?page_id=636#primaryimage\",\"url\":\"https:\\\/\\\/konte.uix.store\\\/elementor\\\/wp-content\\\/uploads\\\/sites\\\/9\\\/elementor\\\/thumbs\\\/team-6-p5ott9axxel9tejkl6fhp654maancc0rmjinpo6nrk.jpg\",\"contentUrl\":\"https:\\\/\\\/konte.uix.store\\\/elementor\\\/wp-content\\\/uploads\\\/sites\\\/9\\\/elementor\\\/thumbs\\\/team-6-p5ott9axxel9tejkl6fhp654maancc0rmjinpo6nrk.jpg\"},{\"@type\":\"BreadcrumbList\",\"@id\":\"https:\\\/\\\/meriah.digitika.com\\\/?page_id=636#breadcrumb\",\"itemListElement\":[{\"@type\":\"ListItem\",\"position\":1,\"name\":\"Home\",\"item\":\"https:\\\/\\\/meriah.digitika.com\\\/\"},{\"@type\":\"ListItem\",\"position\":2,\"name\":\"Elements\",\"item\":\"https:\\\/\\\/meriah.digitika.com\\\/?page_id=576\"},{\"@type\":\"ListItem\",\"position\":3,\"name\":\"Testimonials\"}]},{\"@type\":\"WebSite\",\"@id\":\"https:\\\/\\\/meriah.digitika.com\\\/#website\",\"url\":\"https:\\\/\\\/meriah.digitika.com\\\/\",\"name\":\"Fromagerie Meriah\",\"description\":\"Cr\u00e9e en 1997, par Mr Lotfi Meriah, la fromagerie Meriah est connue par ses produits faits \u00e0 100% de lait de ferme, fabriqu\u00e9s par Tunifrom. \",\"publisher\":{\"@id\":\"https:\\\/\\\/meriah.digitika.com\\\/#organization\"},\"potentialAction\":[{\"@type\":\"SearchAction\",\"target\":{\"@type\":\"EntryPoint\",\"urlTemplate\":\"https:\\\/\\\/meriah.digitika.com\\\/?s={search_term_string}\"},\"query-input\":{\"@type\":\"PropertyValueSpecification\",\"valueRequired\":true,\"valueName\":\"search_term_string\"}}],\"inLanguage\":\"en-US\"},{\"@type\":\"Organization\",\"@id\":\"https:\\\/\\\/meriah.digitika.com\\\/#organization\",\"name\":\"Fromagerie Meriah\",\"url\":\"https:\\\/\\\/meriah.digitika.com\\\/\",\"logo\":{\"@type\":\"ImageObject\",\"inLanguage\":\"en-US\",\"@id\":\"https:\\\/\\\/meriah.digitika.com\\\/#\\\/schema\\\/logo\\\/image\\\/\",\"url\":\"https:\\\/\\\/meriah.digitika.com\\\/wp-content\\\/uploads\\\/2026\\\/04\\\/newyork-logo-1586819150.png\",\"contentUrl\":\"https:\\\/\\\/meriah.digitika.com\\\/wp-content\\\/uploads\\\/2026\\\/04\\\/newyork-logo-1586819150.png\",\"width\":842,\"height\":595,\"caption\":\"Fromagerie Meriah\"},\"image\":{\"@id\":\"https:\\\/\\\/meriah.digitika.com\\\/#\\\/schema\\\/logo\\\/image\\\/\"}}]}<\/script>\n<!-- \/ Yoast SEO plugin. -->","yoast_head_json":{"title":"Testimonials - Fromagerie Meriah","robots":{"index":"index","follow":"follow","max-snippet":"max-snippet:-1","max-image-preview":"max-image-preview:large","max-video-preview":"max-video-preview:-1"},"canonical":"https:\/\/meriah.digitika.com\/?page_id=636","og_locale":"en_US","og_type":"article","og_title":"Testimonials - Fromagerie Meriah","og_description":"Duis aute irure dolor in reprehenderit in voluptate velit esse cillum dolore eu fugiat nulla pariatur. Excepteur sint occaecat cupidatat non proident, sunt in culpa qui officia deserunt mollit anim&hellip;","og_url":"https:\/\/meriah.digitika.com\/?page_id=636","og_site_name":"Fromagerie Meriah","og_image":[{"url":"https:\/\/konte.uix.store\/elementor\/wp-content\/uploads\/sites\/9\/elementor\/thumbs\/team-6-p5ott9axxel9tejkl6fhp654maancc0rmjinpo6nrk.jpg","type":"","width":"","height":""}],"twitter_card":"summary_large_image","schema":{"@context":"https:\/\/schema.org","@graph":[{"@type":"WebPage","@id":"https:\/\/meriah.digitika.com\/?page_id=636","url":"https:\/\/meriah.digitika.com\/?page_id=636","name":"Testimonials - Fromagerie Meriah","isPartOf":{"@id":"https:\/\/meriah.digitika.com\/#website"},"primaryImageOfPage":{"@id":"https:\/\/meriah.digitika.com\/?page_id=636#primaryimage"},"image":{"@id":"https:\/\/meriah.digitika.com\/?page_id=636#primaryimage"},"thumbnailUrl":"https:\/\/konte.uix.store\/elementor\/wp-content\/uploads\/sites\/9\/elementor\/thumbs\/team-6-p5ott9axxel9tejkl6fhp654maancc0rmjinpo6nrk.jpg","datePublished":"2018-09-11T08:26:08+00:00","breadcrumb":{"@id":"https:\/\/meriah.digitika.com\/?page_id=636#breadcrumb"},"inLanguage":"en-US","potentialAction":[{"@type":"ReadAction","target":["https:\/\/meriah.digitika.com\/?page_id=636"]}]},{"@type":"ImageObject","inLanguage":"en-US","@id":"https:\/\/meriah.digitika.com\/?page_id=636#primaryimage","url":"https:\/\/konte.uix.store\/elementor\/wp-content\/uploads\/sites\/9\/elementor\/thumbs\/team-6-p5ott9axxel9tejkl6fhp654maancc0rmjinpo6nrk.jpg","contentUrl":"https:\/\/konte.uix.store\/elementor\/wp-content\/uploads\/sites\/9\/elementor\/thumbs\/team-6-p5ott9axxel9tejkl6fhp654maancc0rmjinpo6nrk.jpg"},{"@type":"BreadcrumbList","@id":"https:\/\/meriah.digitika.com\/?page_id=636#breadcrumb","itemListElement":[{"@type":"ListItem","position":1,"name":"Home","item":"https:\/\/meriah.digitika.com\/"},{"@type":"ListItem","position":2,"name":"Elements","item":"https:\/\/meriah.digitika.com\/?page_id=576"},{"@type":"ListItem","position":3,"name":"Testimonials"}]},{"@type":"WebSite","@id":"https:\/\/meriah.digitika.com\/#website","url":"https:\/\/meriah.digitika.com\/","name":"Fromagerie Meriah","description":"Cr\u00e9e en 1997, par Mr Lotfi Meriah, la fromagerie Meriah est connue par ses produits faits \u00e0 100% de lait de ferme, fabriqu\u00e9s par Tunifrom. ","publisher":{"@id":"https:\/\/meriah.digitika.com\/#organization"},"potentialAction":[{"@type":"SearchAction","target":{"@type":"EntryPoint","urlTemplate":"https:\/\/meriah.digitika.com\/?s={search_term_string}"},"query-input":{"@type":"PropertyValueSpecification","valueRequired":true,"valueName":"search_term_string"}}],"inLanguage":"en-US"},{"@type":"Organization","@id":"https:\/\/meriah.digitika.com\/#organization","name":"Fromagerie Meriah","url":"https:\/\/meriah.digitika.com\/","logo":{"@type":"ImageObject","inLanguage":"en-US","@id":"https:\/\/meriah.digitika.com\/#\/schema\/logo\/image\/","url":"https:\/\/meriah.digitika.com\/wp-content\/uploads\/2026\/04\/newyork-logo-1586819150.png","contentUrl":"https:\/\/meriah.digitika.com\/wp-content\/uploads\/2026\/04\/newyork-logo-1586819150.png","width":842,"height":595,"caption":"Fromagerie Meriah"},"image":{"@id":"https:\/\/meriah.digitika.com\/#\/schema\/logo\/image\/"}}]}},"_links":{"self":[{"href":"https:\/\/meriah.digitika.com\/index.php?rest_route=\/wp\/v2\/pages\/636","targetHints":{"allow":["GET"]}}],"collection":[{"href":"https:\/\/meriah.digitika.com\/index.php?rest_route=\/wp\/v2\/pages"}],"about":[{"href":"https:\/\/meriah.digitika.com\/index.php?rest_route=\/wp\/v2\/types\/page"}],"author":[{"embeddable":true,"href":"https:\/\/meriah.digitika.com\/index.php?rest_route=\/wp\/v2\/users\/1"}],"replies":[{"embeddable":true,"href":"https:\/\/meriah.digitika.com\/index.php?rest_route=%2Fwp%2Fv2%2Fcomments&post=636"}],"version-history":[{"count":0,"href":"https:\/\/meriah.digitika.com\/index.php?rest_route=\/wp\/v2\/pages\/636\/revisions"}],"up":[{"embeddable":true,"href":"https:\/\/meriah.digitika.com\/index.php?rest_route=\/wp\/v2\/pages\/576"}],"wp:attachment":[{"href":"https:\/\/meriah.digitika.com\/index.php?rest_route=%2Fwp%2Fv2%2Fmedia&parent=636"}],"curies":[{"name":"wp","href":"https:\/\/api.w.org\/{rel}","templated":true}]}}